{"id":153,"date":"2022-01-31T17:08:32","date_gmt":"2022-01-31T17:08:32","guid":{"rendered":"https:\/\/speedcars4rent.ch\/wordpress\/?page_id=153"},"modified":"2022-02-02T12:17:08","modified_gmt":"2022-02-02T12:17:08","slug":"preis-oder-termin-anfrage","status":"publish","type":"page","link":"https:\/\/speedcars4rent.ch\/wordpress\/index.php\/preis-oder-termin-anfrage\/","title":{"rendered":"Preis oder Termin Anfrage"},"content":{"rendered":"\n<p>Sie haben eine Terminanfrage zu einem Fahrzeug? Oder in unserer Preisliste fehlt die f\u00fcr Sie optimale Kombination von Dauer und Kilometern inklusive? Z\u00f6gern Sie nicht und fragen Sie uns unverbindlich an.<\/p>\n\n\n<div class=\"wpforms-container wpforms-container-full wpforms-block\" id=\"wpforms-154\"><form id=\"wpforms-form-154\" class=\"wpforms-validate wpforms-form wpforms-ajax-form\" data-formid=\"154\" method=\"post\" enctype=\"multipart\/form-data\" action=\"\/wordpress\/index.php\/wp-json\/wp\/v2\/pages\/153\" data-token=\"ca4a3431d28bb073444c71bb8f05aa79\" data-token-time=\"1776490820\"><noscript class=\"wpforms-error-noscript\">Bitte aktiviere JavaScript in deinem Browser, um dieses Formular fertigzustellen.<\/noscript><div class=\"wpforms-field-container\"><div id=\"wpforms-154-field_3-container\" class=\"wpforms-field wpforms-field-text\" data-field-id=\"3\"><label class=\"wpforms-field-label wpforms-label-hide\" for=\"wpforms-154-field_3\">Vorname <span class=\"wpforms-required-label\">*<\/span><\/label><input type=\"text\" id=\"wpforms-154-field_3\" class=\"wpforms-field-large wpforms-field-required\" name=\"wpforms[fields][3]\" placeholder=\"Vorname\" required><\/div><div id=\"wpforms-154-field_5-container\" class=\"wpforms-field wpforms-field-text\" data-field-id=\"5\"><label class=\"wpforms-field-label wpforms-label-hide\" for=\"wpforms-154-field_5\">Nachname <span class=\"wpforms-required-label\">*<\/span><\/label><input type=\"text\" id=\"wpforms-154-field_5\" class=\"wpforms-field-large wpforms-field-required\" name=\"wpforms[fields][5]\" placeholder=\"Nachname\" required><\/div><div id=\"wpforms-154-field_7-container\" class=\"wpforms-field wpforms-field-email\" data-field-id=\"7\"><label class=\"wpforms-field-label wpforms-label-hide\" for=\"wpforms-154-field_7\">E-Mail <span class=\"wpforms-required-label\">*<\/span><\/label><input type=\"email\" id=\"wpforms-154-field_7\" class=\"wpforms-field-large wpforms-field-required\" name=\"wpforms[fields][7]\" placeholder=\"E-Mail\" spellcheck=\"false\" required><\/div><div id=\"wpforms-154-field_9-container\" class=\"wpforms-field wpforms-field-number\" data-field-id=\"9\"><label class=\"wpforms-field-label\" for=\"wpforms-154-field_9\">Zahlen<\/label><input type=\"number\" id=\"wpforms-154-field_9\" class=\"wpforms-field-medium\" name=\"wpforms[fields][9]\" ><\/div><div id=\"wpforms-154-field_8-container\" class=\"wpforms-field wpforms-field-checkbox\" data-field-id=\"8\"><label class=\"wpforms-field-label\" for=\"wpforms-154-field_8\">Checkboxen <span class=\"wpforms-required-label\">*<\/span><\/label><ul id=\"wpforms-154-field_8\" class=\"wpforms-field-required\"><li class=\"choice-1 depth-1\"><input type=\"checkbox\" id=\"wpforms-154-field_8_1\" name=\"wpforms[fields][8][]\" value=\"Erste Auswahl\" required ><label class=\"wpforms-field-label-inline\" for=\"wpforms-154-field_8_1\">Erste Auswahl<\/label><\/li><li class=\"choice-2 depth-1\"><input type=\"checkbox\" id=\"wpforms-154-field_8_2\" name=\"wpforms[fields][8][]\" value=\"Zweite Auswahl\" required ><label class=\"wpforms-field-label-inline\" for=\"wpforms-154-field_8_2\">Zweite Auswahl<\/label><\/li><li class=\"choice-3 depth-1\"><input type=\"checkbox\" id=\"wpforms-154-field_8_3\" name=\"wpforms[fields][8][]\" value=\"Dritte Auswahl\" required ><label class=\"wpforms-field-label-inline\" for=\"wpforms-154-field_8_3\">Dritte Auswahl<\/label><\/li><\/ul><\/div><\/div><!-- .wpforms-field-container --><div class=\"wpforms-submit-container\" ><input type=\"hidden\" name=\"wpforms[id]\" value=\"154\"><input type=\"hidden\" name=\"page_title\" value=\"\"><input type=\"hidden\" name=\"page_url\" value=\"https:\/\/speedcars4rent.ch\/wordpress\/index.php\/wp-json\/wp\/v2\/pages\/153\"><button type=\"submit\" name=\"wpforms[submit]\" id=\"wpforms-submit-154\" class=\"wpforms-submit\" data-alt-text=\"Senden\u2026\" data-submit-text=\"Absenden\" aria-live=\"assertive\" value=\"wpforms-submit\">Absenden<\/button><img decoding=\"async\" src=\"https:\/\/speedcars4rent.ch\/wordpress\/wp-content\/plugins\/wpforms-lite\/assets\/images\/submit-spin.svg\" class=\"wpforms-submit-spinner\" style=\"display: none;\" width=\"26\" height=\"26\" alt=\"Wird geladen\"><\/div><\/form><\/div>  <!-- .wpforms-container -->\n\n\n<div class=\"wp-block-columns is-layout-flex wp-container-core-columns-is-layout-9d6595d7 wp-block-columns-is-layout-flex\">\n<div class=\"wp-block-column is-layout-flow wp-block-column-is-layout-flow\" style=\"flex-basis:50%\"><div class=\"wpforms-container wpforms-container-full wpforms-block\" id=\"wpforms-150\"><form id=\"wpforms-form-150\" class=\"wpforms-validate wpforms-form wpforms-ajax-form\" data-formid=\"150\" method=\"post\" enctype=\"multipart\/form-data\" action=\"\/wordpress\/index.php\/wp-json\/wp\/v2\/pages\/153\" data-token=\"6282c5bab50255d8696351d53af726a3\" data-token-time=\"1776490820\"><noscript class=\"wpforms-error-noscript\">Bitte aktiviere JavaScript in deinem Browser, um dieses Formular fertigzustellen.<\/noscript><div class=\"wpforms-field-container\"><div id=\"wpforms-150-field_1-container\" class=\"wpforms-field wpforms-field-select wpforms-field-select-style-classic\" data-field-id=\"1\"><label class=\"wpforms-field-label wpforms-label-hide\" for=\"wpforms-150-field_1\">Fahrzeug<\/label><select id=\"wpforms-150-field_1\" class=\"wpforms-field-medium\" name=\"wpforms[fields][1]\"><option value=\"Audi R8 Spyder GT (Limited Edition)\" >Audi R8 Spyder GT (Limited Edition)<\/option><option value=\"Tesla Model S 90D\" >Tesla Model S 90D<\/option><option value=\"Lotus Elise 111S MK1\" >Lotus Elise 111S MK1<\/option><\/select><\/div><div id=\"wpforms-150-field_2-container\" class=\"wpforms-field wpforms-field-select wpforms-field-select-style-classic\" data-field-id=\"2\"><label class=\"wpforms-field-label wpforms-label-hide\" for=\"wpforms-150-field_2\">Dauer<\/label><select id=\"wpforms-150-field_2\" class=\"wpforms-field-medium\" name=\"wpforms[fields][2]\"><option value=\"6h\" >6h<\/option><option value=\"12h\" >12h<\/option><option value=\"24h\" >24h<\/option><option value=\"48h\" >48h<\/option><option value=\"Weekend\" >Weekend<\/option><\/select><\/div><div id=\"wpforms-150-field_7-container\" class=\"wpforms-field wpforms-field-radio\" data-field-id=\"7\"><label class=\"wpforms-field-label\" for=\"wpforms-150-field_7\">km inklusiv: <span class=\"wpforms-required-label\">*<\/span><\/label><ul id=\"wpforms-150-field_7\" class=\"wpforms-field-required\"><li class=\"choice-1 depth-1\"><input type=\"radio\" id=\"wpforms-150-field_7_1\" name=\"wpforms[fields][7]\" value=\"120\" required ><label class=\"wpforms-field-label-inline\" for=\"wpforms-150-field_7_1\">120<\/label><\/li><li class=\"choice-2 depth-1\"><input type=\"radio\" id=\"wpforms-150-field_7_2\" name=\"wpforms[fields][7]\" value=\"unbeschr\u00e4nkt\" required ><label class=\"wpforms-field-label-inline\" for=\"wpforms-150-field_7_2\">unbeschr\u00e4nkt<\/label><\/li><li class=\"choice-3 depth-1\"><input type=\"radio\" id=\"wpforms-150-field_7_3\" name=\"wpforms[fields][7]\" value=\"benutzerdefiniert\" required ><label class=\"wpforms-field-label-inline\" for=\"wpforms-150-field_7_3\">benutzerdefiniert<\/label><\/li><\/ul><\/div><\/div><!-- .wpforms-field-container --><div class=\"wpforms-submit-container\" ><input type=\"hidden\" name=\"wpforms[id]\" value=\"150\"><input type=\"hidden\" name=\"page_title\" value=\"\"><input type=\"hidden\" name=\"page_url\" value=\"https:\/\/speedcars4rent.ch\/wordpress\/index.php\/wp-json\/wp\/v2\/pages\/153\"><button type=\"submit\" name=\"wpforms[submit]\" id=\"wpforms-submit-150\" class=\"wpforms-submit\" data-alt-text=\"Senden\u2026\" data-submit-text=\"Absenden\" aria-live=\"assertive\" value=\"wpforms-submit\">Absenden<\/button><img decoding=\"async\" src=\"https:\/\/speedcars4rent.ch\/wordpress\/wp-content\/plugins\/wpforms-lite\/assets\/images\/submit-spin.svg\" class=\"wpforms-submit-spinner\" style=\"display: none;\" width=\"26\" height=\"26\" alt=\"Wird geladen\"><\/div><\/form><\/div>  <!-- .wpforms-container --><\/div>\n\n\n\n<div class=\"wp-block-column is-layout-flow wp-block-column-is-layout-flow\" style=\"flex-basis:50%\">\n<figure class=\"wp-block-image size-full\"><img decoding=\"async\" src=\"https:\/\/speedcars4rent.ch\/wordpress\/wp-content\/uploads\/2022\/02\/order_R8-AF190-202.jpg\" alt=\"\" class=\"wp-image-160\"\/><\/figure>\n\n\n\n<figure class=\"wp-block-image size-full\"><img decoding=\"async\" src=\"https:\/\/speedcars4rent.ch\/wordpress\/wp-content\/uploads\/2022\/02\/order_Tesla-AF-399-086.jpg\" alt=\"\" class=\"wp-image-162\"\/><\/figure>\n\n\n\n<figure class=\"wp-block-image size-full\"><img decoding=\"async\" src=\"https:\/\/speedcars4rent.ch\/wordpress\/wp-content\/uploads\/2022\/02\/order_Lotus-AF190-263.jpg\" alt=\"\" class=\"wp-image-163\"\/><\/figure>\n<\/div>\n<\/div>\n\n\n<div class=\"wpforms-container wpforms-container-full wpforms-block\" id=\"wpforms-155\"><form id=\"wpforms-form-155\" class=\"wpforms-validate wpforms-form wpforms-ajax-form\" data-formid=\"155\" method=\"post\" enctype=\"multipart\/form-data\" action=\"\/wordpress\/index.php\/wp-json\/wp\/v2\/pages\/153\" data-token=\"eb1b064a761fbd1d1ce3da80728297c2\" data-token-time=\"1776490820\"><noscript class=\"wpforms-error-noscript\">Bitte aktiviere JavaScript in deinem Browser, um dieses Formular fertigzustellen.<\/noscript><div class=\"wpforms-field-container\"><div id=\"wpforms-155-field_1-container\" class=\"wpforms-field wpforms-field-email walwpf-datepicker\" data-field-id=\"1\"><label class=\"wpforms-field-label\" for=\"wpforms-155-field_1\">Wunsch Abholtermin<\/label><input type=\"email\" id=\"wpforms-155-field_1\" class=\"wpforms-field-large\" name=\"wpforms[fields][1]\" spellcheck=\"false\" ><\/div><div id=\"wpforms-155-field_2-container\" class=\"wpforms-field wpforms-field-textarea\" data-field-id=\"2\"><label class=\"wpforms-field-label wpforms-label-hide\" for=\"wpforms-155-field_2\">Textabsatz<\/label><textarea id=\"wpforms-155-field_2\" class=\"wpforms-field-large\" name=\"wpforms[fields][2]\" placeholder=\"Teilen Sie uns Ihr Anliegen mit\" ><\/textarea><\/div><\/div><!-- .wpforms-field-container --><div class=\"wpforms-submit-container\" ><input type=\"hidden\" name=\"wpforms[id]\" value=\"155\"><input type=\"hidden\" name=\"page_title\" value=\"\"><input type=\"hidden\" name=\"page_url\" value=\"https:\/\/speedcars4rent.ch\/wordpress\/index.php\/wp-json\/wp\/v2\/pages\/153\"><button type=\"submit\" name=\"wpforms[submit]\" id=\"wpforms-submit-155\" class=\"wpforms-submit\" data-alt-text=\"Senden\u2026\" data-submit-text=\"Absenden\" aria-live=\"assertive\" value=\"wpforms-submit\">Absenden<\/button><img decoding=\"async\" src=\"https:\/\/speedcars4rent.ch\/wordpress\/wp-content\/plugins\/wpforms-lite\/assets\/images\/submit-spin.svg\" class=\"wpforms-submit-spinner\" style=\"display: none;\" width=\"26\" height=\"26\" alt=\"Wird geladen\"><\/div><\/form><\/div>  <!-- .wpforms-container -->\n\n\n<div class=\"wp-block-columns is-layout-flex wp-container-core-columns-is-layout-9d6595d7 wp-block-columns-is-layout-flex\">\n<div class=\"wp-block-column is-layout-flow wp-block-column-is-layout-flow\" style=\"flex-basis:40px\">\n<figure class=\"wp-block-image size-full\"><img fetchpriority=\"high\" decoding=\"async\" width=\"744\" height=\"744\" src=\"https:\/\/speedcars4rent.ch\/wordpress\/wp-content\/uploads\/2022\/02\/Ok.png\" alt=\"\" class=\"wp-image-165\" srcset=\"https:\/\/speedcars4rent.ch\/wordpress\/wp-content\/uploads\/2022\/02\/Ok.png 744w, https:\/\/speedcars4rent.ch\/wordpress\/wp-content\/uploads\/2022\/02\/Ok-300x300.png 300w, https:\/\/speedcars4rent.ch\/wordpress\/wp-content\/uploads\/2022\/02\/Ok-150x150.png 150w, https:\/\/speedcars4rent.ch\/wordpress\/wp-content\/uploads\/2022\/02\/Ok-100x100.png 100w\" sizes=\"(max-width: 706px) 89vw, (max-width: 767px) 82vw, 740px\" \/><\/figure>\n<\/div>\n\n\n\n<div class=\"wp-block-column is-layout-flow wp-block-column-is-layout-flow\" style=\"flex-basis:100%\">\n<p>Herzlichen Dank f\u00fcr Ihre Anfrage. Wir werden uns so rasch wie m\u00f6glich um Ihr Anliegen k\u00fcmmern und Ihnen ein Feedback zukommen lassen.<\/p>\n<\/div>\n<\/div>\n\n\n\n<div class=\"wp-block-columns is-layout-flex wp-container-core-columns-is-layout-9d6595d7 wp-block-columns-is-layout-flex\">\n<div class=\"wp-block-column is-layout-flow wp-block-column-is-layout-flow\" style=\"flex-basis:33.33%\">\n<figure class=\"wp-block-image size-full\"><img decoding=\"async\" width=\"425\" height=\"425\" src=\"https:\/\/speedcars4rent.ch\/wordpress\/wp-content\/uploads\/2022\/02\/NotOk.jpg\" alt=\"\" class=\"wp-image-167\" srcset=\"https:\/\/speedcars4rent.ch\/wordpress\/wp-content\/uploads\/2022\/02\/NotOk.jpg 425w, https:\/\/speedcars4rent.ch\/wordpress\/wp-content\/uploads\/2022\/02\/NotOk-300x300.jpg 300w, https:\/\/speedcars4rent.ch\/wordpress\/wp-content\/uploads\/2022\/02\/NotOk-150x150.jpg 150w, https:\/\/speedcars4rent.ch\/wordpress\/wp-content\/uploads\/2022\/02\/NotOk-100x100.jpg 100w\" sizes=\"(max-width: 425px) 100vw, 425px\" \/><\/figure>\n<\/div>\n\n\n\n<div class=\"wp-block-column is-layout-flow wp-block-column-is-layout-flow\" style=\"flex-basis:66.66%\"><\/div>\n<\/div>\n\n\n\n<p><\/p>\n","protected":false},"excerpt":{"rendered":"<p>Sie haben eine Terminanfrage zu einem Fahrzeug? Oder in unserer Preisliste fehlt die f\u00fcr Sie optimale Kombination von Dauer und Kilometern inklusive? Z\u00f6gern Sie nicht und fragen Sie uns unverbindlich an. Herzlichen Dank f\u00fcr Ihre Anfrage. Wir werden uns so rasch wie m\u00f6glich um Ihr Anliegen k\u00fcmmern und Ihnen ein Feedback zukommen lassen.<\/p>\n","protected":false},"author":1,"featured_media":0,"parent":0,"menu_order":0,"comment_status":"closed","ping_status":"closed","template":"","meta":{"_eb_attr":"","footnotes":""},"class_list":["post-153","page","type-page","status-publish","hentry"],"_links":{"self":[{"href":"https:\/\/speedcars4rent.ch\/wordpress\/index.php\/wp-json\/wp\/v2\/pages\/153","targetHints":{"allow":["GET"]}}],"collection":[{"href":"https:\/\/speedcars4rent.ch\/wordpress\/index.php\/wp-json\/wp\/v2\/pages"}],"about":[{"href":"https:\/\/speedcars4rent.ch\/wordpress\/index.php\/wp-json\/wp\/v2\/types\/page"}],"author":[{"embeddable":true,"href":"https:\/\/speedcars4rent.ch\/wordpress\/index.php\/wp-json\/wp\/v2\/users\/1"}],"replies":[{"embeddable":true,"href":"https:\/\/speedcars4rent.ch\/wordpress\/index.php\/wp-json\/wp\/v2\/comments?post=153"}],"version-history":[{"count":4,"href":"https:\/\/speedcars4rent.ch\/wordpress\/index.php\/wp-json\/wp\/v2\/pages\/153\/revisions"}],"predecessor-version":[{"id":168,"href":"https:\/\/speedcars4rent.ch\/wordpress\/index.php\/wp-json\/wp\/v2\/pages\/153\/revisions\/168"}],"wp:attachment":[{"href":"https:\/\/speedcars4rent.ch\/wordpress\/index.php\/wp-json\/wp\/v2\/media?parent=153"}],"curies":[{"name":"wp","href":"https:\/\/api.w.org\/{rel}","templated":true}]}}